{"id":6162,"date":"2026-04-15T14:20:23","date_gmt":"2026-04-15T14:20:23","guid":{"rendered":"https:\/\/rmmotospedreira.com.br\/?post_type=product&#038;p=6162"},"modified":"2026-04-15T14:20:23","modified_gmt":"2026-04-15T14:20:23","slug":"mt-03-abs","status":"publish","type":"product","link":"https:\/\/rmmotospedreira.com.br\/?product=mt-03-abs","title":{"rendered":"MT 03 ABS"},"content":{"rendered":"<p>MARCA: YAMAHA<\/p>\n<p>MODELO: MT 03 ABS<\/p>\n<p>ANO FAB\/MOD: 2023\/2024<\/p>\n<p>COR: PRETA<\/p>\n<p>KM: 8.492<\/p>\n<p>&nbsp;<\/p>\n<p>OBS: A Yamaha MT-03 2024 na cor preta (X-Black) destaca-se pelo visual agressivo, com carenagens em preto fosco, motor de 321 cc, 42 cv de pot\u00eancia e refrigera\u00e7\u00e3o l\u00edquida. \u00c9 uma naked \u00e1gil com suspens\u00e3o dianteira invertida, freios ABS e painel digital com shift light. A vers\u00e3o preta \u00e9 elogiada pelo estilo s\u00f3brio, mas requer mais cuidado com a limpeza devido ao acabamento fosco.<\/p>\n","protected":false},"excerpt":{"rendered":"<p>MARCA: YAMAHA MODELO: MT 03 ABS ANO FAB\/MOD: 2023\/2024 COR: PRETA KM: 8.492 &nbsp; OBS: A Yamaha MT-03 2024 na cor preta (X-Black) destaca-se pelo visual agressivo, com carenagens em preto fosco, motor de 321 cc, 42 cv de pot\u00eancia e refrigera\u00e7\u00e3o l\u00edquida. \u00c9 uma naked \u00e1gil com suspens\u00e3o dianteira invertida, freios ABS e painel [&hellip;]<\/p>\n","protected":false},"featured_media":6163,"comment_status":"open","ping_status":"closed","template":"","meta":{"_joinchat":{"telephone":"+551938935585"}},"product_brand":[],"product_cat":[22],"product_tag":[],"class_list":{"0":"post-6162","1":"product","2":"type-product","3":"status-publish","4":"has-post-thumbnail","6":"product_cat-yamaha","8":"first","9":"instock","10":"shipping-taxable","11":"purchasable","12":"product-type-simple"},"yoast_head":"<!-- This site is optimized with the Yoast SEO plugin v27.4 - https:\/\/yoast.com\/product\/yoast-seo-wordpress\/ -->\n<title>MT 03 ABS - RM Motos Pedreira<\/title>\n<meta name=\"robots\" content=\"index, follow, max-snippet:-1, max-image-preview:large, max-video-preview:-1\" \/>\n<link rel=\"canonical\" href=\"https:\/\/rmmotospedreira.com.br\/?product=mt-03-abs\" \/>\n<meta property=\"og:locale\" content=\"pt_BR\" \/>\n<meta property=\"og:type\" content=\"article\" \/>\n<meta property=\"og:title\" content=\"MT 03 ABS - RM Motos Pedreira\" \/>\n<meta property=\"og:description\" content=\"MARCA: YAMAHA MODELO: MT 03 ABS ANO FAB\/MOD: 2023\/2024 COR: PRETA KM: 8.492 &nbsp; OBS: A Yamaha MT-03 2024 na cor preta (X-Black) destaca-se pelo visual agressivo, com carenagens em preto fosco, motor de 321 cc, 42 cv de pot\u00eancia e refrigera\u00e7\u00e3o l\u00edquida. \u00c9 uma naked \u00e1gil com suspens\u00e3o dianteira invertida, freios ABS e painel [&hellip;]\" \/>\n<meta property=\"og:url\" content=\"https:\/\/rmmotospedreira.com.br\/?product=mt-03-abs\" \/>\n<meta property=\"og:site_name\" content=\"RM Motos Pedreira\" \/>\n<meta property=\"og:image\" content=\"https:\/\/rmmotospedreira.com.br\/wp-content\/uploads\/2026\/04\/WhatsApp-Image-2026-04-15-at-11.06.44-3.webp\" \/>\n\t<meta property=\"og:image:width\" content=\"1418\" \/>\n\t<meta property=\"og:image:height\" content=\"920\" \/>\n\t<meta property=\"og:image:type\" content=\"image\/webp\" \/>\n<meta name=\"twitter:card\" content=\"summary_large_image\" \/>\n<meta name=\"twitter:label1\" content=\"Est. tempo de leitura\" \/>\n\t<meta name=\"twitter:data1\" content=\"1 minuto\" \/>\n<script type=\"application\/ld+json\" class=\"yoast-schema-graph\">{\"@context\":\"https:\\\/\\\/schema.org\",\"@graph\":[{\"@type\":\"WebPage\",\"@id\":\"https:\\\/\\\/rmmotospedreira.com.br\\\/?product=mt-03-abs\",\"url\":\"https:\\\/\\\/rmmotospedreira.com.br\\\/?product=mt-03-abs\",\"name\":\"MT 03 ABS - RM Motos Pedreira\",\"isPartOf\":{\"@id\":\"https:\\\/\\\/rmmotospedreira.com.br\\\/#website\"},\"primaryImageOfPage\":{\"@id\":\"https:\\\/\\\/rmmotospedreira.com.br\\\/?product=mt-03-abs#primaryimage\"},\"image\":{\"@id\":\"https:\\\/\\\/rmmotospedreira.com.br\\\/?product=mt-03-abs#primaryimage\"},\"thumbnailUrl\":\"https:\\\/\\\/rmmotospedreira.com.br\\\/wp-content\\\/uploads\\\/2026\\\/04\\\/WhatsApp-Image-2026-04-15-at-11.06.44-3.webp\",\"datePublished\":\"2026-04-15T14:20:23+00:00\",\"breadcrumb\":{\"@id\":\"https:\\\/\\\/rmmotospedreira.com.br\\\/?product=mt-03-abs#breadcrumb\"},\"inLanguage\":\"pt-BR\",\"potentialAction\":[{\"@type\":\"ReadAction\",\"target\":[\"https:\\\/\\\/rmmotospedreira.com.br\\\/?product=mt-03-abs\"]}]},{\"@type\":\"ImageObject\",\"inLanguage\":\"pt-BR\",\"@id\":\"https:\\\/\\\/rmmotospedreira.com.br\\\/?product=mt-03-abs#primaryimage\",\"url\":\"https:\\\/\\\/rmmotospedreira.com.br\\\/wp-content\\\/uploads\\\/2026\\\/04\\\/WhatsApp-Image-2026-04-15-at-11.06.44-3.webp\",\"contentUrl\":\"https:\\\/\\\/rmmotospedreira.com.br\\\/wp-content\\\/uploads\\\/2026\\\/04\\\/WhatsApp-Image-2026-04-15-at-11.06.44-3.webp\",\"width\":1418,\"height\":920},{\"@type\":\"BreadcrumbList\",\"@id\":\"https:\\\/\\\/rmmotospedreira.com.br\\\/?product=mt-03-abs#breadcrumb\",\"itemListElement\":[{\"@type\":\"ListItem\",\"position\":1,\"name\":\"In\u00edcio\",\"item\":\"https:\\\/\\\/rmmotospedreira.com.br\\\/\"},{\"@type\":\"ListItem\",\"position\":2,\"name\":\"Loja\",\"item\":\"https:\\\/\\\/rmmotospedreira.com.br\\\/?page_id=9\"},{\"@type\":\"ListItem\",\"position\":3,\"name\":\"MT 03 ABS\"}]},{\"@type\":\"WebSite\",\"@id\":\"https:\\\/\\\/rmmotospedreira.com.br\\\/#website\",\"url\":\"https:\\\/\\\/rmmotospedreira.com.br\\\/\",\"name\":\"RM Motos Pedreira\",\"description\":\"\",\"potentialAction\":[{\"@type\":\"SearchAction\",\"target\":{\"@type\":\"EntryPoint\",\"urlTemplate\":\"https:\\\/\\\/rmmotospedreira.com.br\\\/?s={search_term_string}\"},\"query-input\":{\"@type\":\"PropertyValueSpecification\",\"valueRequired\":true,\"valueName\":\"search_term_string\"}}],\"inLanguage\":\"pt-BR\"}]}<\/script>\n<!-- \/ Yoast SEO plugin. -->","yoast_head_json":{"title":"MT 03 ABS - RM Motos Pedreira","robots":{"index":"index","follow":"follow","max-snippet":"max-snippet:-1","max-image-preview":"max-image-preview:large","max-video-preview":"max-video-preview:-1"},"canonical":"https:\/\/rmmotospedreira.com.br\/?product=mt-03-abs","og_locale":"pt_BR","og_type":"article","og_title":"MT 03 ABS - RM Motos Pedreira","og_description":"MARCA: YAMAHA MODELO: MT 03 ABS ANO FAB\/MOD: 2023\/2024 COR: PRETA KM: 8.492 &nbsp; OBS: A Yamaha MT-03 2024 na cor preta (X-Black) destaca-se pelo visual agressivo, com carenagens em preto fosco, motor de 321 cc, 42 cv de pot\u00eancia e refrigera\u00e7\u00e3o l\u00edquida. \u00c9 uma naked \u00e1gil com suspens\u00e3o dianteira invertida, freios ABS e painel [&hellip;]","og_url":"https:\/\/rmmotospedreira.com.br\/?product=mt-03-abs","og_site_name":"RM Motos Pedreira","og_image":[{"width":1418,"height":920,"url":"https:\/\/rmmotospedreira.com.br\/wp-content\/uploads\/2026\/04\/WhatsApp-Image-2026-04-15-at-11.06.44-3.webp","type":"image\/webp"}],"twitter_card":"summary_large_image","twitter_misc":{"Est. tempo de leitura":"1 minuto"},"schema":{"@context":"https:\/\/schema.org","@graph":[{"@type":"WebPage","@id":"https:\/\/rmmotospedreira.com.br\/?product=mt-03-abs","url":"https:\/\/rmmotospedreira.com.br\/?product=mt-03-abs","name":"MT 03 ABS - RM Motos Pedreira","isPartOf":{"@id":"https:\/\/rmmotospedreira.com.br\/#website"},"primaryImageOfPage":{"@id":"https:\/\/rmmotospedreira.com.br\/?product=mt-03-abs#primaryimage"},"image":{"@id":"https:\/\/rmmotospedreira.com.br\/?product=mt-03-abs#primaryimage"},"thumbnailUrl":"https:\/\/rmmotospedreira.com.br\/wp-content\/uploads\/2026\/04\/WhatsApp-Image-2026-04-15-at-11.06.44-3.webp","datePublished":"2026-04-15T14:20:23+00:00","breadcrumb":{"@id":"https:\/\/rmmotospedreira.com.br\/?product=mt-03-abs#breadcrumb"},"inLanguage":"pt-BR","potentialAction":[{"@type":"ReadAction","target":["https:\/\/rmmotospedreira.com.br\/?product=mt-03-abs"]}]},{"@type":"ImageObject","inLanguage":"pt-BR","@id":"https:\/\/rmmotospedreira.com.br\/?product=mt-03-abs#primaryimage","url":"https:\/\/rmmotospedreira.com.br\/wp-content\/uploads\/2026\/04\/WhatsApp-Image-2026-04-15-at-11.06.44-3.webp","contentUrl":"https:\/\/rmmotospedreira.com.br\/wp-content\/uploads\/2026\/04\/WhatsApp-Image-2026-04-15-at-11.06.44-3.webp","width":1418,"height":920},{"@type":"BreadcrumbList","@id":"https:\/\/rmmotospedreira.com.br\/?product=mt-03-abs#breadcrumb","itemListElement":[{"@type":"ListItem","position":1,"name":"In\u00edcio","item":"https:\/\/rmmotospedreira.com.br\/"},{"@type":"ListItem","position":2,"name":"Loja","item":"https:\/\/rmmotospedreira.com.br\/?page_id=9"},{"@type":"ListItem","position":3,"name":"MT 03 ABS"}]},{"@type":"WebSite","@id":"https:\/\/rmmotospedreira.com.br\/#website","url":"https:\/\/rmmotospedreira.com.br\/","name":"RM Motos Pedreira","description":"","potentialAction":[{"@type":"SearchAction","target":{"@type":"EntryPoint","urlTemplate":"https:\/\/rmmotospedreira.com.br\/?s={search_term_string}"},"query-input":{"@type":"PropertyValueSpecification","valueRequired":true,"valueName":"search_term_string"}}],"inLanguage":"pt-BR"}]}},"_links":{"self":[{"href":"https:\/\/rmmotospedreira.com.br\/index.php?rest_route=\/wp\/v2\/product\/6162","targetHints":{"allow":["GET"]}}],"collection":[{"href":"https:\/\/rmmotospedreira.com.br\/index.php?rest_route=\/wp\/v2\/product"}],"about":[{"href":"https:\/\/rmmotospedreira.com.br\/index.php?rest_route=\/wp\/v2\/types\/product"}],"replies":[{"embeddable":true,"href":"https:\/\/rmmotospedreira.com.br\/index.php?rest_route=%2Fwp%2Fv2%2Fcomments&post=6162"}],"wp:featuredmedia":[{"embeddable":true,"href":"https:\/\/rmmotospedreira.com.br\/index.php?rest_route=\/wp\/v2\/media\/6163"}],"wp:attachment":[{"href":"https:\/\/rmmotospedreira.com.br\/index.php?rest_route=%2Fwp%2Fv2%2Fmedia&parent=6162"}],"wp:term":[{"taxonomy":"product_brand","embeddable":true,"href":"https:\/\/rmmotospedreira.com.br\/index.php?rest_route=%2Fwp%2Fv2%2Fproduct_brand&post=6162"},{"taxonomy":"product_cat","embeddable":true,"href":"https:\/\/rmmotospedreira.com.br\/index.php?rest_route=%2Fwp%2Fv2%2Fproduct_cat&post=6162"},{"taxonomy":"product_tag","embeddable":true,"href":"https:\/\/rmmotospedreira.com.br\/index.php?rest_route=%2Fwp%2Fv2%2Fproduct_tag&post=6162"}],"curies":[{"name":"wp","href":"https:\/\/api.w.org\/{rel}","templated":true}]}}